7
Calculate the highest common factor of 1279 and 134864155.
1279
What is the greatest common divisor of 174408783 and 5154?
2577
Calculate the greatest common factor of 4332985 and 46330.
565
Calculate the highest common divisor of 7804360 and 1020.
340
Calculate the greatest common factor of 136 and 3703178.
34
Calculate the highest common factor of 66 and 24901217.
11
What is the highest common factor of 220229 and 11?
1
Calculate the highest common divisor of 49685 and 1359800.
2615
Calculate the highest common factor of 64867159 and 366947.
4123
What is the greatest common factor of 4622970 and 1650?
330
What is the highest common divisor of 11 and 653407711?
11
What is the highest common divisor of 209023 and 28?
1
What is the greatest common divisor of 29719923 and 258?
129
Calculate the highest common factor of 87 and 10330554.
87
What is the greatest common factor of 78029 and 8799385?
497
Calculate the highest common divisor of 176536135 and 610.
305
What is the greatest common factor of 13013263 and 12307?
397
What is the highest common divisor of 14403466 and 3234?
154
What is the highest common factor of 70524 and 170705301?
1959
What is the highest common divisor of 38659465 and 92365?
1885
What is the greatest common factor of 23534 and 22106?
14
What is the highest common factor of 540 and 1729720?
20
What is the greatest common factor of 284 and 17161268?
284
What is the highest common factor of 196625 and 2599025?
3575
Calculate the greatest common factor of 47488926 and 29118.
1266
What is the greatest common factor of 84 and 638725038?
42
What is the greatest common divisor of 548 and 27031607?
137
Calculate the greatest common divisor of 2428 and 3557073416.
2428
Calculate the highest common factor of 1039 and 18283283.
1039
What is the highest common divisor of 21138103 and 7?
7
Calculate the greatest common divisor of 333746 and 1953.
217
Calculate the greatest common divisor of 1125111 and 187.
17
Calculate the greatest common divisor of 34170 and 7691667.
3417
Calculate the highest common divisor of 38679212 and 676.
52
What is the greatest common factor of 29638776 and 222?
222
Calculate the greatest common factor of 14325 and 91425.
75
Calculate the greatest common divisor of 1332092 and 588.
4
Calculate the highest common factor of 7 and 719398897.
7
What is the highest common divisor of 36611497 and 13?
13
What is the highest common factor of 6259481 and 11843?
911
What is the highest common factor of 28 and 4923835?
7
What is the highest common divisor of 21764057 and 3346?
1673
Calculate the greatest common factor of 670 and 85062865.
335
Calculate the highest common divisor of 49951245 and 15.
15
Calculate the greatest common factor of 472 and 250278.
118
Calculate the greatest common divisor of 108849615 and 105.
105
Calculate the highest common divisor of 5516 and 46186.
14
What is the highest common factor of 13446 and 4215?
3
What is the highest common divisor of 28000 and 693280?
1120
Calculate the greatest common factor of 6152 and 6984058.
1538
What is the highest common divisor of 118157618 and 114?
38
What is the greatest common factor of 13509104 and 28336?
112
What is the greatest common factor of 4 and 132603564?
4
Calculate the highest common factor of 6604 and 206450946.
3302
Calculate the highest common divisor of 270 and 246528.
18
Calculate the highest common divisor of 4623 and 1336748155.
1541
Calculate the highest common divisor of 1120736928 and 192.
96
What is the highest common factor of 39107120 and 884?
52
What is the highest common factor of 318893 and 33659?
347
What is the highest common divisor of 102736325 and 10075?
775
Calculate the greatest common factor of 861 and 2830394.
287
Calculate the greatest common divisor of 3068 and 132337.
59
What is the highest common factor of 31648 and 10675008?
1376
What is the greatest common factor of 2906677 and 746917?
8999
What is the greatest common divisor of 9 and 159851439?
9
Calculate the greatest common factor of 1502388 and 5022.
162
What is the greatest common factor of 572 and 8788604?
44
Calculate the greatest common divisor of 1615 and 25934525.
95
Calculate the greatest common factor of 59179 and 20525131.
713
Calculate the greatest common factor of 417888 and 2400.
96
Calculate the highest common factor of 6430316 and 12.
4
Calculate the greatest common divisor of 12027 and 194199.
57
Calculate the highest common factor of 1866 and 76506622.
622
What is the highest common divisor of 293763 and 305709?
543
What is the highest common divisor of 94468860 and 135?
45
What is the highest common factor of 3633998 and 2968?
106
Calculate the highest common factor of 22 and 10067651.
11
Calculate the greatest common factor of 138488003 and 74.
37
Calculate the highest common divisor of 4112 and 33016.
8
What is the highest common divisor of 13694 and 967272?
82
Calculate the highest common factor of 117571275 and 3395.
485
What is the highest common divisor of 3922 and 2120318?
106
Calculate the highest common divisor of 1117 and 167889568.
1117
Calculate the highest common divisor of 38352 and 60688.
16
What is the highest common factor of 7755 and 1724853?
141
What is the greatest common factor of 455 and 2192280545?
455
Calculate the highest common factor of 825 and 60689250.
75
What is the highest common factor of 19887699 and 2964?
741
What is the greatest common factor of 129076 and 48556?
244
What is the highest common divisor of 95 and 109619645?
95
Calculate the greatest common divisor of 4413 and 406622646.
4413
What is the highest common divisor of 5493331 and 73211?
179
Calculate the highest common factor of 211050 and 2998250.
3350
Calculate the greatest common factor of 44763778 and 3310.
662
What is the greatest common divisor of 867 and 3221364?
51
What is the highest common divisor of 747201 and 23?
23
What is the greatest common factor of 21429800 and 245?
35
Calculate the greatest common factor of 784656471 and 969.
969
Calculate the greatest common factor of 2527 and 3435998.
361
What is the greatest common factor of 1271511 and 14769?
27
Calculate the highest common factor of 7539 and 5502.
21
Calculate the greatest common factor of 1462338 and 55742.
1186
What is the highest common divisor of 3101139 and 347?
347
Calculate the greatest common factor of 43147 and 61659.
13
Calculate the highest common factor of 36432 and 4886994.
138
What is the greatest common divisor of 3103 and 337879?
29
What is the greatest common factor of 94350585 and 3590?
1795
What is the highest common divisor of 154122 and 19091?
17
What is the greatest common divisor of 1417117 and 195?
13
Calculate the greatest common divisor of 7231351 and 373.
373
What is the highest common divisor of 399528 and 27652?
124
Calculate the greatest common factor of 4234 and 232666768.
4234
What is the greatest common divisor of 1909387 and 4849?
373
What is the greatest common factor of 1940 and 969260860?
1940
What is the greatest common divisor of 796217593 and 51?
17
Calculate the highest common factor of 328002630 and 2790.
930
What is the greatest common divisor of 129741 and 42303?
177
What is the greatest common divisor of 84316838 and 186?
62
What is the greatest common divisor of 80 and 7684720?
80
What is the greatest common divisor of 16309291 and 32600?
163
Calculate the highest common factor of 240642 and 89436.
174
Calculate the highest common divisor of 14886 and 7142799.
2481
What is the greatest common factor of 11 and 56360425?
11
Calculate the highest common factor of 139897 and 41477.
703
Calculate the greatest common factor of 17240553 and 54.
27
Calculate the highest common factor of 13748 and 1445423476.
13748
Calculate the highest common divisor of 9 and 35826639.
3
Calculate the highest common divisor of 757 and 29537383.
757
What is the greatest common factor of 68782 and 370498?
578
Calculate the highest common factor of 2582336 and 383444.
1028
What is the highest common factor of 373221613 and 2687?
2687
Calculate the greatest common factor of 2636 and 19798.
2
Calculate the greatest common factor of 405 and 41173065.
45
Calculate the greatest common divisor of 73301 and 1513825.
3187
What is the highest common factor of 